 1. Calculate i(-2).
-3
Let b(c) = -46*c**2 - 2*c - 9. Calculate b(-2).
-189
Let a(g) = 2*g**2 - 124*g + 720. What is a(56)?
48
Let r(q) = 4*q**2 - 671*q - 2925. Determine r(172).
-1
Let v(o) = o**2 - 54*o - 370. What is v(-9)?
197
Let q(r) = -213*r**2 + 5328*r - 61. Calculate q(25).
14
Let x(a) = 80*a - 595. What is x(5)?
-195
Let v(j) = -j**3 - 6*j**2 + 91*j + 590. What is v(-8)?
-10
Let l(w) = 46*w - 442. Calculate l(11).
64
Let w(g) = g**3 - 33*g**2 - g - 1124. What is w(34)?
-2
Let w(k) = 2977*k + 133959. Calculate w(-45).
-6
Let x(j) = -12*j - 114. Determine x(-25).
186
Let f(h) = h**2 - 250*h - 1278. Determine f(255).
-3
Let n(h) = -h**3 + 55*h**2 + 133*h - 4340. Calculate n(56).
-28
Let j(c) = -13*c - 269. Calculate j(-10).
-139
Let u(a) = a**2 + 85*a - 2096. What is u(20)?
4
Let d(h) = 2*h**2 + 5*h + 42. Determine d(5).
117
Let l(c) = 2*c**3 + 68*c**2 - 68*c + 73. What is l(-35)?
3
Let v(y) = 26*y + 278. What is v(-10)?
18
Let m(i) = i**2 + 30*i + 131. What is m(-18)?
-85
Let s(o) = 79*o**2 + 3799*o + 345. What is s(-48)?
9
Let b(q) = q**3 - 21*q**2 - 38*q + 29. Give b(22).
-323
Let t(v) = 773*v - 1333. Determine t(2).
213
Let s(l) = l**3 - 15*l**2 - 24*l + 65. Give s(16).
-63
Let g(l) = 2*l - 40. Give g(11).
-18
Let o(b) = 1247*b - 1283. What is o(1)?
-36
Let t(n) = n**2 + 131*n + 2215. What is t(-20)?
-5
Let a(l) = l**3 - 8*l**2 - 60*l + 382. Give a(5).
7
Let f(w) = 9*w**2 + 75*w + 85. Determine f(-7).
1
Let u(q) = 896*q - 19721. Determine u(22).
-9
Let f(b) = 12*b - 626. Determine f(57).
58
Let z(p) = 2*p**3 + 12*p**2 - 252*p - 12. Give z(8).
-236
Let f(h) = -39*h**2 - 429*h + 428. Calculate f(1).
-40
Let u(y) = 193*y - 9054. What is u(47)?
17
Let h(b) = b**3 - 53*b**2 - 58*b - 599. Give h(54).
-815
Let k(h) = -46*h**2 + 47*h - 46. What is k(1)?
-45
Let u(k) = 900*k - 6301. Determine u(7).
-1
Let h(n) = -133*n + 1860. Calculate h(14).
-2
Let f(x) = -33*x - 292. What is f(0)?
-292
Let s(v) = -16*v**2 + 14. Determine s(3).
-130
Let n(h) = -5*h**2 + 60*h - 28. What is n(12)?
-28
Let j(b) = -b**3 - b**2 - 314*b - 961. Determine j(-3).
-1
Let s(z) = z**3 + 7*z**2 - 3*z + 144. Give s(-8).
104
Let n(a) = a**2 - 12*a + 37. Give n(7).
2
Let t(w) = -w**2 - 17*w + 343. What is t(10)?
73
Let q(p) = 22*p**2 - 6*p - 17. Give q(-2).
83
Let s(u) = 1242*u - 8707. Calculate s(7).
-13
Let t(k) = -k**2 + 20*k + 87. Determine t(-4).
-9
Let n(i) = i**2 + 170*i + 4859. Determine n(-134).
35
Let v(x) = 904*x + 6230. Give v(-7).
-98
Let o(j) = -j**3 - 22*j**2 + 12*j + 51. Give o(-22).
-213
Let f(w) = -97*w + 614. What is f(5)?
129
Let q(b) = b**3 + 5*b + 14. Determine q(0).
14
Let t(x) = -x**3 + 19*x**2 + 84*x - 4. Determine t(-4).
28
Let p(o) = 3045*o + 3021. Determine p(-1).
-24
Let k(d) = -d**2 - 127*d + 32639. Calculate k(128).
-1
Let l(i) = -i**2 + 12*i + 55. Determine l(16).
-9
Let k(t) = 2*t**2 + 22*t + 17. Give k(-16).
177
Let o(q) = -2*q**2 - 59*q + 3934. Give o(32).
-2
Let r(c) = 68*c - 605. What is r(8)?
-61
Let w(m) = -20*m**3 - 13*m**2 - 33*m - 6. Calculate w(-3).
516
Let h(v) = v**3 + 140*v**2 - 2151*v + 768. Calculate h(-154).
-2
Let g(s) = s**3 + 15*s**2 + 18*s - 16. Calculate g(-14).
-72
Let z(w) = -27*w + 146. What is z(15)?
-259
Let j(m) = -74*m**2 + 4*m - 2. Determine j(2).
-290
Let c(w) = -583*w + 7581. Give c(13).
2
Let y(u) = 45*u**3 + 359*u**2 - 17*u - 17. Determine y(-8).
55
Let l(b) = -b**3 + 20*b**2 - 6*b - 72. Give l(16).
856
Let n(y) = 23*y**2 + 662*y - 142. What is n(-29)?
3
Let o(f) = 6*f**3 - 18*f + 23. What is o(4)?
335
Let f(p) = -p**3 - 19*p**2 + 188*p + 227. Calculate f(8).
3
Let u(c) = -12*c**2 + 584*c + 122. Give u(49).
-74
Let u(n) = -1109*n - 15532. What is u(-14)?
-6
Let n(x) = -6*x + 107. Give n(11).
41
Let d(l) = l**3 + 5*l**2 - 16*l. What is d(-7)?
14
Let q(t) = -272*t - 13302. Determine q(-49).
26
Let d(h) = 2*h**2 + 21*h + 23. What is d(-11)?
34
Let a(f) = 5*f - 270. Calculate a(59).
25
Let f(m) = 64*m + 1233. Determine f(-20).
-47
Let v(t) = 58*t**2 + 2322*t + 80. What is v(-40)?
0
Let t(i) = i**3 + 8*i**2 + 9*i + 29. What is t(-5)?
59
Let c(m) = -156*m - 32. Give c(-1).
124
Let d(a) = 4*a - 127. Give d(19).
-51
Let g(j) = -j**3 + 33*j**2 - 51*j - 321. Determine g(31).
20
Let b(n) = n**3 + 2*n**2 - 13*n + 157. Calculate b(0).
157
Let v(h) = -140*h - 275. Give v(-2).
5
Let c(t) = 3*t**2 + 29*t - 68. What is c(5)?
152
Let m(a) = -3*a**2 + 82*a - 462. Give m(20).
-22
Let h(u) = -3*u**2 + 4*u + 29. Give h(6).
-55
Let v(s) = -12*s + 701. What is v(54)?
53
Let v(i) = -4*i - 74. Determine v(-20).
6
Let h(k) = 4*k**2 + 54*k + 307. What is h(-12)?
235
Let h(j) = j**3 - 27*j**2 + 236*j - 3935. What is h(24)?
1
Let b(d) = -16*d**2 - 92*d - 142. Calculate b(-3).
-10
Let z(d) = 10*d - 25. Determine z(-11).
-135
Let n(v) = -v**2 + 178*v - 1715. What is n(10)?
-35
Let q(x) = 3*x**3 - 88*x**2 + 21*x + 203. Give q(29).
-29
Let r(w) = 150*w + 8452. Calculate r(-56).
52
Let h(p) = 11*p**3 + 3*p**2 - 8*p + 6. Calculate h(1).
12
Let g(c) = -14*c**2 - 78*c - 161. Determine g(-2).
-61
Let g(k) = 407*k + 126583. Calculate g(-311).
6
Let a(k) = 61*k**2 + 1109*k + 196. Determine a(-18).
-2
Let u(z) = -5*z**2 - 93*z + 31. Determine u(-19).
-7
Let s(c) = -159*c + 5082. What is s(32)?
-6
Let s(i) = -i**3 - 24*i**2 + 180*i + 61. Give s(-30).
61
Let v(k) = -k**2 + 7*k + 264. What is v(-13)?
4
Let h(t) = -17*t**2 + 71*t + 1274. Determine h(11).
-2
Let a(j) = 17*j - 107. What is a(3)?
-56
Let g(q) = 16*q - 1688. What is g(101)?
-72
Let a(q) = 6*q**2 + 463*q - 1827. Calculate a(4).
121
Let u(d) = -59*d + 1391. Give u(23).
34
Let s(b) = 3*b**3 + 18*b**2 - 8*b - 129. Calculate s(-4).
-1
Let r(g) = 13*g - 33. What is r(-4)?
-85
Let i(l) = 15*l**2 - 7*l + 9. What is i(-2)?
83
Let o(r) = -36*r**2 + 1006*r + 57. Give o(28).
1
Let a(y) = -1323*y**3 - y**2 - 25*y - 24. Calculate a(-1).
1323
Let f(u) = -185*u - 4672. Determine f(-25).
-47
Let i(l) = 75*l**2 - 971*l - 51. Calculate i(13).
1
Let s(o) = -540*o + 3776. What is s(7)?
-4
Let v(k) = k**3 + 43*k**2 + 300*k + 460. Determine v(-6).
-8
Let n(o) = o**3 + 6*o**2 - 32*o - 195. Calculate n(-8).
-67
Let u(i) = i**3 - i**2 + 3*i + 159. Calculate u(0).
159
Let w(s) = 2*s**2 - 22*s - 20. What is w(-1)?
4
Let n(c) = 3981*c - 131364. Give n(33).
9
Let w(q) = 8*q**3 + q**2 - 6*q + 4. What is w(1)?
7
Let h(r) = -r**2 + 15*r + 6. What is h(24)?
-210
Let k(y) = y**3 - 85*y**2 + 1344*y + 59. Give k(64).
59
Let i(x) = -220*x - 82943. Determine i(-377).
-3
Let a(u) = -31*u + 166. What is a(6)?
-20
Let u(h) = -37*h**2 - 42*h - 112. Calculate u(-4).
-536
Let j(d) = -d**3 + 37*d**2 - 95*d + 2126. Give j(36).
2
Let s(o) = 2*o**3 + 15*o**2 - 50*o + 2. What is s(-10)?
2
Let y(x) = -x**3 - 6*x**2 + 41*x + 176. Give y(-8).
-24
Let w(d) = -d**3 - 3*d**2 - 152*d - 295. Give w(-2).
5
Let n(m) = 788*m - 85110. Determine n(108).
-6
Let t(z) = 19*z - 87. Give t(13).
160
Let h(n) = -n**2 + 14*n + 2359. What is h(-42)?
7
Let c(j) = -97*j**2 - 777*j - 11. Calculate c(-8).
-3
Let b(u) = u**2 + 153*u + 5688. What is b(-93)?
108
Let a(p) = 2*p**3 + 19*p**2 - 576*p - 5653. Calculate a(-10).
7
Let s(t) = -6*t**2 + 1514*t - 4541. What is s(3)?
-53
Let b(v) = 4*v**3 - 11*v**2 - 32*v - 2. Determine b(-3).
-113
Let o(z) = -z**3 + 68*z**2 + 220*z - 458. Give o(71).
39
Let b(m) = -3*m**3 + 33*m**2 - 11*m + 126. Give b(11).
5
Let k(o) = -11*o - 145. Calculate k(-7).
-68
Let n(w) = 4*w**3 - 36*w**2 - 6*w + 63. Calculate n(9).
9
Let d(j) = j**3 + 51*j**2 - 122*j - 761. Give d(-53).
87
Let r(d) = 14*d**2 + 14*d + 14. Calculate r(-2).
42
Let u(g) = 5*g**2 + 3621*g - 3621. Determine u(1).
5
Let w(m) = m**3 - 56*m**2 - 175*m - 427. Give w(59).
-309
Let t(c) = c**2 + 23*c - 690. Give t(19).
108
Let s(j) = -2*j**3 + 30*j**2 + 135*j - 93. Give s(18).
393
Let c(f) = -274*f - 2081. What is c(-8)?
111
Let j(t) = -2*t**2 - 22*t + 52. Determine j(-13).
0
Let s(y) = -y**3 + 10*y**2 - 46*y + 244. Calculate s(9).
-89
Let n(z) = 14*z - 262. What is n(30)?
158
Let b(o) = -17*o - 763. What is b(-43)?
-32
Let f(l) = -162*l**2 - 214*l - 33. Determine f(-1).
19
Let w(g) = -7*g**2 - 151*g + 71. Calculate w(-17).
615
Let h(c) = -c**2 + 451*c - 3104. Calculate h(7).
4
Let h(z) = -z**3 - 30*z**2 + 23*z - 142. Give h(-31).
106
Let n(c) = c**3 + 14*c**2 - 137*c + 2